2463?
2
What is the thousands digit of 357318?
7
What is the ten thousands digit of 112990?
1
What is the thousands digit of 1017531?
7
What is the units digit of 17577768?
8
What is the ten thousands digit of 59030?
5
What is the units digit of 23769776?
6
What is the tens digit of 528994?
9
What is the tens digit of 285505?
0
What is the units digit of 1930983?
3
What is the millions digit of 12164068?
2
What is the hundred thousands digit of 390955?
3
What is the millions digit of 1084524?
1
What is the thousands digit of 9025932?
5
What is the hundreds digit of 3840612?
6
What is the tens digit of 36987?
8
What is the thousands digit of 267857?
7
What is the hundred thousands digit of 12277484?
2
What is the millions digit of 5668212?
5
What is the thousands digit of 67666?
7
What is the hundred thousands digit of 16412848?
4
What is the ten thousands digit of 325462?
2
What is the tens digit of 1110497?
9
What is the hundred thousands digit of 384387?
3
What is the hundreds digit of 14267595?
5
What is the hundreds digit of 5102496?
4
What is the hundreds digit of 707178?
1
What is the thousands digit of 521583?
1
What is the hundreds digit of 555020?
0
What is the units digit of 1292570?
0
What is the millions digit of 11286041?
1
What is the millions digit of 6350985?
6
What is the units digit of 15536861?
1
What is the millions digit of 19875614?
9
What is the units digit of 616317?
7
What is the hundreds digit of 213256?
2
What is the hundred thousands digit of 9585265?
5
What is the ten thousands digit of 1485934?
8
What is the hundred thousands digit of 433561?
4
What is the ten thousands digit of 173850?
7
What is the units digit of 2757340?
0
What is the ten thousands digit of 53142?
5
What is the thousands digit of 33031?
3
What is the thousands digit of 366386?
6
What is the hundred thousands digit of 1481433?
4
What is the tens digit of 3542751?
5
What is the ten thousands digit of 32351421?
5
What is the tens digit of 896888?
8
What is the units digit of 12930591?
1
What is the tens digit of 1784536?
3
What is the tens digit of 713297?
9
What is the thousands digit of 8079758?
9
What is the thousands digit of 6298168?
8
What is the hundred thousands digit of 14395917?
3
What is the millions digit of 1861236?
1
What is the hundred thousands digit of 783913?
7
What is the ten thousands digit of 387526?
8
What is the units digit of 7376667?
7
What is the units digit of 53809?
9
What is the hundred thousands digit of 37341928?
3
What is the millions digit of 11387749?
1
What is the tens digit of 549433?
3
What is the thousands digit of 2479027?
9
What is the tens digit of 46587?
8
What is the hundred thousands digit of 783476?
7
What is the hundreds digit of 4120203?
2
What is the units digit of 697936?
6
What is the hundreds digit of 509914?
9
What is the ten thousands digit of 289332?
8
What is the ten thousands digit of 367281?
6
What is the hundreds digit of 70433?
4
What is the hundreds digit of 255231?
2
What is the ten thousands digit of 197467?
9
What is the hundred thousands digit of 17526652?
5
What is the hundreds digit of 594726?
7
What is the ten thousands digit of 6024227?
2
What is the ten thousands digit of 147217?
4
What is the tens digit of 8973418?
1
What is the tens digit of 175795?
9
What is the hundreds digit of 1093167?
1
What is the ten thousands digit of 1923985?
2
What is the thousands digit of 2050189?
0
What is the units digit of 648052?
2
What is the ten thousands digit of 13858995?
5
What is the units digit of 892679?
9
What is the hundred thousands digit of 3273589?
2
What is the tens digit of 14938755?
5
What is the hundreds digit of 179013?
0
What is the units digit of 63335?
5
What is the hundred thousands digit of 163660?
1
What is the thousands digit of 104964?
4
What is the thousands digit of 649726?
9
What is the thousands digit of 1243500?
3
What is the tens digit of 157266?
6
What is the hundred thousands digit of 7816163?
8
What is the units digit of 157138?
8
What is the hundred thousands digit of 222665?
2
What is the tens digit of 231295?
9
What is the hundreds digit of 109328?
3
What is the hundreds digit of 14557532?
5
What is the ten thousands digit of 9784897?
8
What is the hundred thousands digit of 130909?
1
What is the thousands digit of 325208?
5
What is the hundred thousands digit of 240324?
2
What is the millions digit of 5217302?
5
What is the hundred thousands digit of 5462451?
4
What is the thousands digit of 650596?
0
What is the thousands digit of 265010?
5
What is the tens digit of 25263987?
8
What is the ten thousands digit of 1634806?
3
What is the units digit of 19485788?
8
What is the hundreds digit of 793229?
2
What is the hundreds digit of 135760?
7
What is the ten thousands digit of 8647977?
4
What is the units digit of 1005783?
3
What is the ten millions digit of 10462585?
1
What is the tens digit of 1629055?
5
What is the ten thousands digit of 14233?
1
What is the ten thousands digit of 226206?
2
What is the hundreds digit of 363372?
3
What is the tens digit of 273240?
4
What is the ten thousands digit of 147686?
4
What is the units digit of 108820?
0
What is the thousands digit of 343330?
3
What is the thousands digit of 1200966?
0
What is the hundreds digit of 246560?
5
What is the tens digit of 137908?
0
What is the hundred thousands digit of 10475575?
4
What is the hundred thousands digit of 265521?
2
What is the hundreds digit of 1726565?
5
What is the thousands digit of 3908664?
8
What is the thousands digit of 2469933?
9
What is the units digit of 1117157?
7
What is the hundreds digit of 451096?
0
What is the ten thousands digit of 256635?
5
What is the units digit of 25527771?
1
What is the ten thousands digit of 2546742?
4
What is the tens digit of 4117675?
7
What is the units digit of 488110?
0
What is the units digit of 108886?
6
What is the hundreds digit of 32261072?
0
What is the millions digit of 2183700?
2
What is the tens digit of 296602?
0
What is the units digit of 107318?
8
What is the ten thousands digit of 4455444?
5
What is the tens digit of 68364?
6
What is the ten thousands digit of 1091843?
9
What is the ten thousands digit of 2258149?
5
What is the millions digit of 29340636?
9
What is the thousands digit of 106726?
6
What is the tens digit of 13908933?
3
What is the hundreds digit of 463904?
9
What is the hundred thousands digit of 445111?
4
What is the ten thousands digit of 718927?
1
What is the hundred thousands digit of 6038817?
0
What is the millions digit of 20740336?
0
What is the thousands digit of 543275?
3
What is the hundreds digit of 359790?
7
What is the ten thousands digit of 4503854?
0
What is the hundred thousands digit of 712040?
7
What is the units digit of 158111?
1
What is the hundred thousands digit of 551821?
5
What is the thousands digit of 1018903?
8
What is the hundred thousands digit of 298885?
2
What is the units digit of 8511?
1
What is the hundreds digit of 1570154?
1
What is the millions digit of 25714254?
5
What is the tens digit of 4484343?
4
What is the tens digit of 2114442?
4
What is the hundred thousands digit of 7417978?
4
What is the ten millions digit of 17791812?
1
What is the millions digit of 25836751?
5
What is the units digit of 8978617?
7
What is the units digit of 1816810?
0
What is the ten thousands digit of 208541?
0
What is the millions digit of 3677402?
3
What is the hundred thousands digit of 9330583?
3
What is the units digit of 3561820?
0
What is the units digit of 16668157?
7
What is the tens digit of 124114?
1
What is the ten thousands digit of 865967?
6
What is the ten millions digit of 12360689?
1
What is the hundreds digit of 9172105?
1
What is the units digit of 233648?
8
What is the ten millions digit of 19607328?
1
What is the ten thousands digit of 780457?
8
What is the ten thousands digit of 78713?
7
What is the ten millions digit of 10871115?
1
What is the hundred thousands digit of 131158?
1
What is the tens digit of 1025772?
7
What is the hundreds digit of 548537?
5
What is the ten thousands digit of 23689518?
8
What is the hundred thousands digit of 3032358?
0
What is the units digit of 2339699?
9
What is the units digit of 664832?
2
What is the hundreds digit of 